= x**3 - 3*x**2 + 2*x - 7. Let w be c(3). Let p(v) = -v. Let k(q) = w*g(q) - 6*p(q). What is k(-3)?
7
Let p(s) = 3*s**2 + 10*s + 1. Let l(f) = -13*f**2 - 42*f - 2. Let y(q) = -2*l(q) - 9*p(q). Determine y(-5).
0
Let a = 2 + -3. Let z(s) = -18 + 3 + 8 + s**2 + 3 + 3*s**3 + 3. Give z(a).
-3
Let k(f) = f**3 + 11*f**2 - 13*f - 18. Let b be k(-12). Let z(r) be the first derivative of -r**3/3 - 7*r**2/2 - r - 13. Determine z(b).
5
Let t(k) be the first derivative of -k**3 + k**2 - 19*k - 17. Let o(c) be the first derivative of t(c). Determine o(3).
-16
Let c(r) = 5. Let h(w) = -w**2 - 11. Let p(k) = -9*c(k) - 4*h(k). Let g(t) = 2*t + 2. Let v be g(2). Suppose -2 + v = 4*y. Give p(y).
3
Let h(b) be the first derivative of b**5/120 + b**4/6 - 4*b**3/3 + 14. Let q(d) be the third derivative of h(d). Calculate q(0).
4
Let b(x) = -x**2 - 27*x - 24. Let u be b(-26). Let z be 1*-10 - (-6)/u. Let a(o) be the third derivative of o**4/24 + 3*o**3/2 + o**2. Determine a(z).
2
Suppose -6 = -3*j - 3. Let s(q) = 6*q**2 + 10*q - 63. Let u(n) = 2*n**2 + 3*n - 18. Let p(w) = -2*s(w) + 7*u(w). Calculate p(j).
3
Let z(n) = -44*n - 1 + 28*n - 5 + 19*n. Give z(9).
21
Suppose 2 = -n, 12 - 4 = 3*h + 2*n. Let z(j) be the second derivative of 7/2*j**2 + 0 - h*j - 1/12*j**4 - 1/6*j**3. What is z(0)?
7
Let g be -2 + (-7)/(28/16). Let j(v) = v**3 - 4*v**2 + 7*v + 8. Let h(r) = r**3 - 4*r**2 + 8*r + 9. Let z(p) = g*h(p) + 7*j(p). Determine z(4).
6
Let u(t) = 3*t + 1. Suppose 18 = -24*v - 6. Calculate u(v).
-2
Let h(f) = -4 - f**2 - 8*f**2 - 7*f + 11*f**2 - 4*f**2. Determine h(-5).
-19
Let f = 23 + -21. Let o(u) = -5*u**3 - 2*u - 3. Let d(k) = 11*k**3 + 5*k + 7. Let z(r) = f*d(r) + 5*o(r). Calculate z(-1).
2
Let v(r) = -8*r + 227. Let n be v(29). Let t(g) = g**3 + 5*g**2 - 7*g - 3. What is t(n)?
32
Let m = 73 + -53. Let u be -4*(-1)/2 + 0. Let n(q) = m*q - 5 - u - 19*q - 1. Give n(4).
-4
Let x(u) = u**3 + 3*u**2 + u - 10. Let w be x(-3). Let i(h) = h**3 + 14*h**2 + 12*h - 11. Let d be i(w). Let z(o) = -2*o**3 + o**2 + 2*o - 3. Calculate z(d).
-11
Let b(y) = 0 - y**3 - 4 + 1. Suppose -2 = 8*q - 9*q. Let i be ((-2 + q)/1)/(-1). Give b(i).
-3
Let r(z) be the second derivative of 1/2*z**3 - 1/60*z**5 + 6*z + 0 + 3/2*z**2 + 7/24*z**4. Let d(f) be the first derivative of r(f). Calculate d(7).
3
Let l(j) = 4*j - 32. Let r be l(15). Suppose -2*g = 3*q - r, q + 0*q + 5*g - 18 = 0. Let d(b) = 3*b - 6. Determine d(q).
18
Let c(i) = -i + 12. Let b be c(6). Let v(u) = 35*u - 25. Let j(h) = 22*h - 16. Let y(s) = 8*j(s) - 5*v(s). Determine y(b).
3
Let z(c) = -5*c**3 + 11*c**2 + 2*c. Let i(v) = 6*v**3 - 12*v**2 - 2*v - 1. Let w(y) = -4*i(y) - 5*z(y). Give w(6).
-44
Let b be (-15)/6 + (-80)/(-32). Let o(l) be the first derivative of l**3/3 + l**2/2 + l - 1. Determine o(b).
1
Suppose -8*v = -7*v. Suppose 5*q + 4 - 9 = v. Let f(w) = 6*w**3 - 2*w**2 + 2*w - 1. Give f(q).
5
Let d(s) = -s**3 - 5*s**2 + s - 4. Let l be (-16)/3 + 79/237. What is d(l)?
-9
Let w(h) = h - 7. Let s be w(8). Let f(b) = -b - 2. Let i be f(-5). Let r(m) = -10*m**2 - m**i + m + 10*m**2 - s - 2*m. Determine r(-1).
1
Suppose -100*o = -90*o - 100. Let a(b) = b**3 - 11*b**2 + 8*b + 12. Give a(o).
-8
Suppose 17 - 25 = -4*x. Let s(z) be the third derivative of -1/12*z**5 - 1/120*z**6 - 1/24*z**4 + 5/6*z**3 + 0*z + 4*z**x + 0. Determine s(-4).
-7
Let r(o) be the second derivative of o**4/12 + 7*o**3/6 + 7*o**2/2 - 17*o. Let n(a) = -a**2 - 2*a + 4. Let d be n(-4). Let m be (-1 - 1)/(d/(-10)). Give r(m).
-3
Let d(z) = -610 + 5*z - 610 + 1218 + z**2. Determine d(-6).
4
Let z(c) = 7*c + 1. Let r(t) = 9*t + 1. Let g(l) = 4*r(l) - 5*z(l). Let x be (6/(-4))/((-6)/12). Calculate g(x).
2
Let b(v) = -3*v + 5. Let i(s) = -s**2 + 10*s + 6. Let c be i(11). Determine b(c).
20
Let i(m) be the second derivative of m**3/2 - 33*m**2/2 - 175*m. Give i(10).
-3
Let q(i) = -9*i. Suppose -4 = -10*c + 6. What is q(c)?
-9
Let q(c) = c - 23. Let u be q(14). Let b(f) = -f**2 - 7*f + 12. Give b(u).
-6
Let c(z) = 7*z - 2. Let v = 10 + -16. Let a be (-12)/(-18) - (-16)/v. What is c(a)?
-16
Let i(c) = c**3 - c**2 + 2*c**3 + 21*c - 22*c. Calculate i(2).
18
Let y(o) be the second derivative of o**4/12 + o**3/6 - o**2/2 - 117*o. What is y(2)?
5
Let f(a) = a**3 + 3*a**2 - 5*a + 4. Suppose -14*u = -5*u - 72. Let s be -6 - (2 - 0)*u/(-16). Determine f(s).
-21
Let u(j) be the first derivative of j**5/60 + 5*j**4/24 - 16*j**3/3 + 27. Let c(h) be the third derivative of u(h). Give c(-5).
-5
Let d(o) be the second derivative of 3*o + 1/3*o**4 + 0*o**2 - 1/6*o**3 + 0. Determine d(1).
3
Let i(b) = b**3 - 9*b**2 - 9*b - 11. Suppose 0*f + 90 = 9*f. Calculate i(f).
-1
Suppose 4*m + 0*m + r - 55 = 0, 85 = 5*m - 2*r. Let n(j) = -36 + m + 14 - 3*j + 2*j. Determine n(0).
-7
Let p(q) = q**3 - 8*q**2 - 9*q + 10. Let v be p(9). Let z be (-25)/v - (-2)/(-4). Let f(d) = -d**2 - 3*d - 2*d + 6*d - 5*d. What is f(z)?
3
Let r(i) = -i**3 + 4*i**2 - 5*i + 7. Suppose -4*w - 19 = -n, 6 = 5*n + w - 5. Give r(n).
1
Suppose -81*z = -85*z + 84. Let r(v) = -2*v + 46. Give r(z).
4
Let x(s) = s**3 - 6*s**2 - 5*s - 3. Let c be 5 - 20/5*7/(-14). Give x(c).
11
Let f(d) be the third derivative of 1/2*d**3 + 0*d + 1/40*d**5 - 1/12*d**4 + 0 + 4*d**2. Let c(i) be the first derivative of f(i). Give c(5).
13
Suppose -5*s - 2*j - j = -19, -5*s + j + 27 = 0. Let y(o) be the first derivative of -1 - 5/2*o**2 + 1/3*o**3 - o. Calculate y(s).
-1
Let v(g) = 2*g**3 - 12*g**2 + 3*g + 14. Let m(a) = a**3 - 6*a**2 + 2*a + 7. Let k(l) = -5*m(l) + 3*v(l). Let i be 0 - -3 - (5 - 8). What is k(i)?
1
Let t(y) = 71*y + 492. Let l be t(-7). Let a(p) = p + 6. What is a(l)?
1
Suppose -2*w = 2*g - 18, w - 3*g = -1 - 10. Suppose 0*r - 4*a = 3*r + 16, -a = 4*r + w. Let o(m) = -10*m + 10*m + m + r*m + 1 - 2*m**2. What is o(3)?
-14
Let h(v) = 28*v**2 + 2*v**3 - 12*v**2 - 14*v**2 + 5 - v**3 + 5. What is h(0)?
10
Let b(k) be the third derivative of -k**6/120 + k**5/20 - k**4/24 - k**3/6 - 105*k**2. What is b(2)?
1
Let s(w) = -226*w + 11. Let j(u) = -351*u + 17. Let v(d) = -9*j(d) + 14*s(d). Let r be (-2)/(-5) - (-14)/(-10). Calculate v(r).
6
Let f(n) = -11*n - 2. Suppose b + 55 = -119. Let d = b + 172. What is f(d)?
20
Let y(n) be the third derivative of -n**4/6 - n**3/6 + 2*n**2. Let o(a) = a**2 + 1. Let u be o(-5). Let j = 27 - u. Calculate y(j).
-5
Let b(j) be the third derivative of -j**8/6720 + j**7/2520 + j**5/120 - 7*j**4/12 - 19*j**2. Let w(f) be the second derivative of b(f). Calculate w(0).
1
Let d(z) = z**3 - 2*z**2 - 3*z + 6. Let c(p) = -p**2 - 30*p + 262. Let l be c(-37). Determine d(l).
6
Let r(x) = 8*x - 8*x**2 + 0 + 3 + 1 + 7*x**2 + 2. What is r(9)?
-3
Let b(y) = -2*y**2 - y. Let j = -14 + 12. Let f be b(j). Let d(i) = i**3 + 6*i**2 - i. Calculate d(f).
6
Suppose 7*k - 8 = 6. Suppose 5*a - 8*a - 6 = -3*z, -4*z + 8 = k*a. Let l(r) = -r**2 - 3. Determine l(a).
-3
Let f(t) = -t**3 + 7*t**2 + 5*t - 38. Let g be f(7). Let h be -2*(g - 28/(-8)). Let r(i) = 2*i**3 - 2*i**2 + 1. What is r(h)?
-3
Let c(a) be the first derivative of a**2/2 - 4*a + 597. Determine c(15).
11
Let j(z) be the second derivative of 11*z + 0 + 0*z**3 - 1/240*z**6 - 1/24*z**5 + 11/12*z**4 + 0*z**2. Let n(o) be the third derivative of j(o). What is n(-4)?
7
Let w(i) = 2*i**3 - i**2 - 3*i + 7. Let b be w(2). Suppose 31 = 3*g + b. Let y(o) = -o**3 + 5*o**2 + 8*o - 7. Determine y(g).
5
Let v = -238 - -5713/24. Let d(y) be the third derivative of 0 + 0*y + y**2 + 1/6*y**3 + 1/60*y**5 - v*y**4. Calculate d(0).
1
Let t = 103 - 105. Let j(y) = 3*y**2 + 2*y - 1. Calculate j(t).
7
Let u(v) = -5*v + 165. Let a be u(35). Let b(t) = -t**3 - 10*t**2 - 4. Calculate b(a).
-4
Let h(d) = -d**3 - 6*d**2 - 1. Suppose 2*t + 2*f - 44 = 0, f - 4 = 4*t - 107. Suppose -11 = 6*w + t. Determine h(w).
-1
Let q(r) be the third derivative of r**5/60 - r**4/3 + 5*r**3/6 + 2*r**2. Let i(b) = 2 + 0*b + 5 - 4 + b. Let z be i(2). Give q(z).
-10
Let u(m) = 8*m - 11. Let v(i) = i. Let t(z) = -u(z) + 6*v(z). Determine t(11).
-11
Let u(i) be the second derivative of i**3/3 - 37*i**2/2 + 78*i. Calculate u(18).
-1
Let f(h) be the third derivative of -h**5/30 + h**4/24 - h**3/6 - 79*h**2. Give f(-4).
-37
Let h(w) = -104 - 343*w + 171*w + 176*w. What is h(25)?
-4
Let i = -8 + 14. Let c(u) = -4*u